5 - 22) + -1.
-2
1 + -1 + (-20 - (-4 - -20 - 25))
-11
What is (6 - ((-15 - -5) + 8 + 6)) + 3?
5
-52 - (-32 - (-26 + 18))
-28
Calculate 21 - (11 + -12 - ((4 - 1) + -8)).
17
(-1 - -12) + -16 - (-6 - -6)
-5
Calculate -6 + 0 - (-10 - -14 - 6 - 4).
0
Evaluate -15 - (8 + -19) - -16.
12
Evaluate 18 + 19 + 12 + -46.
3
-1 + 41 - (-57 + 28 + 40)
29
What is the value of -35 - (4 - 6) - (4 + (-28 - -15))?
-24
What is the value of -3 + -11 + 16 + (-13 - (-9 + 3))?
-5
What is the value of 3 - (-2 + 16) - ((22 - 0) + -22)?
-11
-12 + 5 + (-5 - 3 - -11) + 23
19
-7 + 3 + -11 + 11
-4
Calculate (17 - 13) + -7 - (-19 - 0).
16
Calculate 4 - -5 - (-94 + 98).
5
What is the value of 0 + -6 + (9 - 40)?
-37
What is -57 - (-37 - -9) - -8?
-21
Evaluate -9 - (6 + -1 + (-1 - (35 - 25))).
-3
What is the value of 1 + 15 + (-9 - -18) + -16?
9
Calculate (0 + 0 - -5) + -5 + 9 + -11.
-2
What is 0 + 6 + (-1 - 14) + (-2 - -9)?
-2
Calculate (-2 - (-3 + -2)) + -673 + 671 - 7.
-6
What is -27 - ((0 - (14 + -10 + 2)) + -1)?
-20
Evaluate -7 + (3 - 7 - (3 + 0)) + -4.
-18
Evaluate 13 + (-7 - -6) - (2 - -1).
9
Evaluate (6 - (-5 - 5)) + 17 + -14 + 6.
25
Evaluate 16 + (-10 + 1 - (66 + -69)) + 6.
16
Calculate 46 + -49 - (3 + (-4 - -2)).
-4
Calculate (2 - 2) + 8 + (-57 - -91 - 42).
0
What is 12 - (27 + (8 - 11))?
-12
Calculate 4 + 1 + (10 - 12 - (-6 - 4)).
13
Calculate 2 + (-10 - -19) + -11.
0
What is the value of 19 + (-14 - (-12 - -6))?
11
Calculate 2 + -23 + 184 + -171.
-8
Evaluate 5 + (-15 - 4) - (24 + -31).
-7
What is the value of (-72 - -99) + (2 + -17 - 2)?
10
What is the value of -6 - (-13 - (-25 + 1))?
-17
What is (5 - 13 - -5) + 11?
8
What is the value of 7 + -9 + -6 + 0 + 7 + -2?
-3
Evaluate (-1 - (-11 + -23)) + -47.
-14
(-1 - (18 - 16)) + -5
-8
What is the value of 2 - ((2 + 2 - (-30 - -26)) + -14)?
8
Calculate 0 - (-1 + 0 - (10 - -1 - 5)).
7
What is -17 - (-3 + 11 + 3 + -6 - 0)?
-22
What is the value of (6 - 0) + (-1 - (-5 - -9))?
1
What is -16 + (7 + -2 - 6) + 8?
-9
-2 - 10 - (-1 - (-9 - -7))
-13
(-2 - (-2 + -8) - (1 - 1)) + -8
0
What is 7 - ((-7 - (-7 + 7)) + 0 - -1)?
13
14 - (-10 - (-20 + -8))
-4
Evaluate -11 + (9 - (14 + -21)).
5
Evaluate -22 - (-31 + (7 - -5)).
-3
What is the value of 20 + -2 + -33 - (5 + -4)?
-16
(-9 - 0) + (23 - 11)
3
What is 4 + (9 - (-3 + 7)) + (-5 - -7)?
11
What is 6 + 14 + -31 + 25 + -5?
9
Calculate 34 - (-9 + 27) - 11 - (23 + 1).
-19
Evaluate -2 + 2 + -27 - (-11 - -4).
-20
Evaluate 23 - 26 - (3 - 1).
-5
Calculate -4 + -26 + 36 + -3.
3
Evaluate 3 + -46 + 53 + (-20 - (-2 - 1)).
-7
Calculate -1 + -4 + (30 - 22) + 18.
21
What is the value of (-29 - -61) + -26 + (0 - -3)?
9
What is the value of -5 - (9 - (6 + (-6 - -24) + 6))?
16
51 + -42 + -3 + 1 - (1 + 2)
4
What is 59 - 90 - (-3 + -4)?
-24
Calculate 30 + (-20 - (-32 + 72)).
-30
What is the value of 11 + 0 - (-25 + 47 + -15)?
4
What is the value of (0 + -4 - -1) + 11 + (-1 - 0)?
7
What is 2 + 9 + (-6 - (-6 + (-9 - -8)))?
12
Calculate 4 + 0 + (0 - -1) + (340 - 366).
-21
Evaluate (-17 - 1) + 60 + 57 + -115.
-16
Calculate -194 + 170 - (0 - 45).
21
What is the value of -3 + (15 - -1) - 15?
-2
Calculate (0 + 0 - (6 - 0)) + (51 - 53).
-8
What is 791 - 803 - ((3 - 1) + 0)?
-14
Calculate (0 - 19) + -12 + -29 + 42.
-18
Calculate -3 - (-1 - -5) - (-17 - (-7 + -12)).
-9
-4 - (1 + (-6 - -5 - 0))
-4
What is the value of -2 + 5 + -39 + 16 + -2?
-22
Evaluate 0 - 1 - (-1 + 2 - (12 - 17)).
-7
Calculate (2 - 10 - (2 - 2)) + (-2 - 0).
-10
What is (-7 - -4) + (-11 - 6) + 13?
-7
Evaluate -19 - (8 + -17 - -2).
-12
What is -239 + 246 + -9 + 0?
-2
-9 - ((-29 - -11) + 6) - 0
3
-26 - (13 + -10) - -14
-15
((0 - 0) + 1 - -2 - -2) + 6
11
(1 - (-7 + 1)) + -12 + 19
14
Calculate -1 + 2 + -2 + 26 + -20 - -15.
20
What is the value of 5 - (10 + -10 + (12 - 0))?
-7
Calculate (-7 - -7) + -7 - 2.
-9
Calculate (0 - -9) + (-31 - -14) - -3.
-5
Calculate 9 + (11 - (-3 + 6 + 4)).
13
1 + 14 + 117 + -153
-21
-3 + 1 - (21 + (2 - 21))
-4
Calculate 53 + -50 - (5 + -2).
0
-37 - -73 - (2 + 23)
11
Calculate (0 - (18 - -4 - 9)) + 0.
-13
Evaluate 1 - -8 - (-3 + (2 - -4)) - -5.
11
(1 - (-23 - -2)) + (-194 - -198)
26
What is (-364 - -360) + (0 - 1 - 1) - -14?
8
What is the value of (-2 - (22 + -7 - 8)) + 26?
17
Calculate -6 + 0 - (-8 - (-1 - -6)) - 27.
-20
Evaluate -6 + -10 + (25 - -5).
14
-7 + (9 - 10) - -23
15
What is the value of 344 + -348 + (-4 - 21)?
-29
What is the value of (-1 - 4 - -19) + -5 + -39 + 43?
13
101 + -84 - (33 + -4)
-12
What is the value of -1 + -1 + (-7 - -9) + -41 + 34?
-7
What is -10 + (19 - 28) + 34?
15
What is (2 + 0 - -1 - -5) + (-17 - -23)?
14
(31 - (15 - -19)) + 1 + 3 - 19
-18
What is the value of -2 + 7 + -23 + 3?
-15
Evaluate -157 + 193 - (1 + 6).
29
Calculate (-12 - -2) + -2 + 8 + -6 + 18.
8
Evaluate (8 - 24) + -6 + 25.
3
Evaluate 5 + -8 + 6 + (-4 - -6).
5
Evaluate -2 + 1 - (50 - (49 - 8)).
-10
(24 - (1 - -12)) + 5 + 3
19
Evaluate (-29 - 2) + -240 + 255.
-16
(-210 - -227) + -13 + -1
3
What is the value of 11 + -2 + 5 + (-26 - 1 - -11)?
-2
What is the value of -8 + (12 - 18) + 31 + 19?
36
What is (322 - 313) + 3 + (0 - 2) + -43?
-33
Evaluate (-20 - -18) + (3 - (-11 - -3)) - 3.
6
What is (2 + -6 - (-18 + 0)) + -20 + 22?
16
What is the value of -2 + (23 - 15) - (-1 + 17) - -2?
-8
Calculate (9 - 1) + -15 - (-36 + 37).
-8
-1 + (-1 - -28) - ((13 - -12) + -25)
26
What is the value of 22 - 7 - (13 + -7)?
9
(17 - -4 - 6) + (7 - (15 + -20))
27
Evaluate -10 + (10 - 2) - (-1 - (-9 - -1)).
-9
Calculate 1301 - 1278 - (2 - (-1 - (0 + -2))).
22
What is the value of -8 + 5 - -3 - (7 + -13 + 18)?
-12
38 + 10 + -46 + 7
9
Evaluate -29 - -37 - (15 + 0).
-7
-68 - -63 - (-3 - ((-1 - -3) + -11))
-11
What is the value of -11 - (-23 - -17 - -12) - 10?
-27
What is (27 - -9) + -17 - (-4 + 14)?
9
What is 41 - (11 + -17 + 12 - 1)?
36
What is the value of -17 + -1 - (17 - 36)?
1
What is 72 + -81 + (-1 - -22 - 1) - 8?
3
What is the value of -7 + 8 + -4 + 5?
2
Calculate 4 - (2 + -10 + -16 + 20).
8
What is (-21 - -24) + 9 + -5?
7
What is -1 + (0 - 0) + 16 + (0 - 16)?
-1
What is the value of -14 + 6 + 0 + -1 - -16?
7
3 + -7 + (-26 - -8 - (-8 - 2))
-12
What is the value of 15 + (-3 - -7) + (-31 - -22)?
10
Evaluate (13 - 35) + (-2 - -1).
-23
What is 1 + -1 + (-11 + (8 - 3) - -6)?
0
Calculate -9 + 1 + (224 - 235 - (1 - 16)).
-4
What is the value of -15 - (1 - 8 - (12 + 28))?
32
What is 7 + (0 - (-14 - (-4 + -3 + 3)))?
17
-16 + (-15 - -19) + 4 + 2
-6
What is the value of -63 + 7 + 59 + (-35 - 0)?
-32
What is the value of 2 + (11 - 19) + (-2 - -10) - -2?
4
-2 - (14 + 4 + -19)
-1
What is -50 + (39 - -2) - 11?
-20
What is the value of (89 - 84) + (-5 - -8) + 15?
23
Evaluate -2 - (-3 + 9 + 6 - (11 - -11)).
8
Calculate -4 + (0 - -8) + (12 - (-14 + 34)).
-4
-1 - (2 + -2) - (-65 + 62)
2
What is the value of 0 + -1 + 0 + (-45 - -40)?
-6
What is the value of -122 + 104 + -3 + (9 - (0 - 1))?
-11
What is -25 + 4 - 1 - (-17 + (16 - 8))?
-13
(25 - -9) + (66 - 129)
-29
What is the value of 21 + -13 + 3 + (-2 - 1) + 3?
11
What is -3 - (14 - (-5 + 19)) - 24?
-27
2 + 2 + -98 + 99 + (2 - 14)
-7
What is 18 + 1 - (104 + -94 + (-5 - 1))?
15
Calculate (0 - -1) + -6 + 2 + 0.
-3
What is (9 - 6 - -5 - 5) + (-6 - -12)?
9
Calculate -17 + 25 + (8 - 7) + -23 + -1.
-15
What is the value of 89 + -74 - (-11 + 6)?
20
What is 2 + 4 - (2 + -1) - 9?
-4
What is (12 + -7 - 17) + -8 + 4?
-16
0 + 6 + ((-4 - -13) + -7 - 10)
-2
Calculate -8 - (-17 + 39 + -23) - (30 - 1).
-36
Calculate (13 + -10 - 10) + (-7 + 17 - 3).
0
What is the value of 19 + 0 + -3 + 272 + -275?
13
Calculate -1 + -7 - (-25 + 35 + -16).
-2
(-1 + -35 - -14) + (-8 - (-8 - -7))
-29
Calculate 44 + -68 + -2 - (0 + (0 - -9)).
-35
What is the value of (-1 + -1 - -1) + (-66 - -33) + 11?
-23
Calculate 168 + -165 + 1 + (-3 - -1) - 2.
0
Calculate -340 + 322 - (-2 + -1 + 4 - -3).
-22
-7 - (-46 + 37 + 1 + 2)
-1
Calculate 0 + (11 - 14) - (-5 + 8).
-6
Calculate -26 - (4 - (7 + (-8 - (0 + -8)))).
-23
Calculate -6 - (6 + 0 - 11 - 13).
12
Calculate 123 - 112 - (10 + 3).
-2
Calculate -2 - (3 - (0 - 16) - -13).
-34
Evaluate -251 + 263 - (37 - -2).
-27
Calculate -5 - (7 - 17) - (-7 - 18 - 9).
39
Evaluate 25 + (16 - (-3 - -26)) + 11.
29
Calculate 2 - (-8 - -6 - 7).
11
14 + 18 + -14 + -4
14
Calculate (-2 - -1) + 1 + 8 + -11.
-3
Calculate (1 - 4) + (13 - 7 - 